{"id":26115,"date":"2016-06-16T11:41:11","date_gmt":"2016-06-16T14:41:11","guid":{"rendered":"http:\/\/www.comodoro.gov.ar\/desarrollohumano\/?page_id=26115"},"modified":"2025-07-18T08:37:25","modified_gmt":"2025-07-18T11:37:25","slug":"cpb-pro-palazzo","status":"publish","type":"page","link":"https:\/\/www.comodoro.gov.ar\/desarrollohumano\/cpb-pro-palazzo\/","title":{"rendered":"CPB Pr\u00f3spero Palazzo"},"content":{"rendered":"<p>&nbsp;<\/p>\n<p><span style=\"color: #000000;\"><strong><img loading=\"lazy\" decoding=\"async\" class=\"wp-image-33706 alignleft\" src=\"https:\/\/www.comodoro.gov.ar\/desarrollohumano\/wp-content\/uploads\/2024\/04\/CPB-Avatar07-PALAZZO.png\" alt=\"\" width=\"187\" height=\"187\" srcset=\"https:\/\/www.comodoro.gov.ar\/desarrollohumano\/wp-content\/uploads\/2024\/04\/CPB-Avatar07-PALAZZO.png 320w, https:\/\/www.comodoro.gov.ar\/desarrollohumano\/wp-content\/uploads\/2024\/04\/CPB-Avatar07-PALAZZO-300x300.png 300w, https:\/\/www.comodoro.gov.ar\/desarrollohumano\/wp-content\/uploads\/2024\/04\/CPB-Avatar07-PALAZZO-150x150.png 150w\" sizes=\"auto, (max-width: 187px) 100vw, 187px\" \/>Responsable:<\/strong> Carina Aguirre<br \/>\n<\/span><span style=\"color: #000000;\"><strong>Direcci\u00f3n:<\/strong> Reconquista 135<\/span><br \/>\n<span style=\"color: #000000;\"><strong>Tel\u00e9fono:<\/strong> 4549462<\/span><br \/>\n<span style=\"color: #000000;\"><strong>email: <a href=\"mailto:cpbprosperopalazzo@gmail.com\" target=\"_blank\" rel=\"noopener\">cpbprosperopalazzo@gmail.com <img loading=\"lazy\" decoding=\"async\" class=\"alignnone size-full wp-image-35906\" src=\"https:\/\/www.comodoro.gov.ar\/desarrollohumano\/wp-content\/uploads\/2014\/09\/puntero.png\" alt=\"\" width=\"26\" height=\"20\" \/><\/a><\/strong><\/span><br \/>\n<span style=\"color: #000000;\"><strong>Horario de atenci\u00f3n:\u00a0<\/strong>Lunes a viernes de 08 a 15 hs<br \/>\n<strong>Fecha de aniversario:<\/strong> 19 de abril<br \/>\n<a href=\"https:\/\/www.facebook.com\/profile.php?id=61558644504174\" target=\"_blank\" rel=\"noopener\"><strong>Facebook <img loading=\"lazy\" decoding=\"async\" class=\"alignnone size-full wp-image-35906\" src=\"https:\/\/www.comodoro.gov.ar\/desarrollohumano\/wp-content\/uploads\/2014\/09\/puntero.png\" alt=\"\" width=\"26\" height=\"20\" \/><\/strong><\/a><br \/>\n<\/span><\/p>\n","protected":false},"excerpt":{"rendered":"<p>&nbsp; Responsable: Carina Aguirre Direcci\u00f3n: Reconquista 135 Tel\u00e9fono: 4549462 email: cpbprosperopalazzo@gmail.com Horario de atenci\u00f3n:\u00a0Lunes a<\/p>\n","protected":false},"author":1,"featured_media":33706,"parent":0,"menu_order":0,"comment_status":"closed","ping_status":"closed","template":"","meta":{"footnotes":""},"class_list":["post-26115","page","type-page","status-publish","has-post-thumbnail","hentry"],"_links":{"self":[{"href":"https:\/\/www.comodoro.gov.ar\/desarrollohumano\/wp-json\/wp\/v2\/pages\/26115","targetHints":{"allow":["GET"]}}],"collection":[{"href":"https:\/\/www.comodoro.gov.ar\/desarrollohumano\/wp-json\/wp\/v2\/pages"}],"about":[{"href":"https:\/\/www.comodoro.gov.ar\/desarrollohumano\/wp-json\/wp\/v2\/types\/page"}],"author":[{"embeddable":true,"href":"https:\/\/www.comodoro.gov.ar\/desarrollohumano\/wp-json\/wp\/v2\/users\/1"}],"replies":[{"embeddable":true,"href":"https:\/\/www.comodoro.gov.ar\/desarrollohumano\/wp-json\/wp\/v2\/comments?post=26115"}],"version-history":[{"count":8,"href":"https:\/\/www.comodoro.gov.ar\/desarrollohumano\/wp-json\/wp\/v2\/pages\/26115\/revisions"}],"predecessor-version":[{"id":35998,"href":"https:\/\/www.comodoro.gov.ar\/desarrollohumano\/wp-json\/wp\/v2\/pages\/26115\/revisions\/35998"}],"wp:featuredmedia":[{"embeddable":true,"href":"https:\/\/www.comodoro.gov.ar\/desarrollohumano\/wp-json\/wp\/v2\/media\/33706"}],"wp:attachment":[{"href":"https:\/\/www.comodoro.gov.ar\/desarrollohumano\/wp-json\/wp\/v2\/media?parent=26115"}],"curies":[{"name":"wp","href":"https:\/\/api.w.org\/{rel}","templated":true}]}}