{"id":26126,"date":"2016-06-16T12:10:09","date_gmt":"2016-06-16T15:10:09","guid":{"rendered":"http:\/\/www.comodoro.gov.ar\/desarrollohumano\/?page_id=26126"},"modified":"2025-07-18T08:37:11","modified_gmt":"2025-07-18T11:37:11","slug":"cpb-maximo-abasolo","status":"publish","type":"page","link":"https:\/\/www.comodoro.gov.ar\/desarrollohumano\/cpb-maximo-abasolo\/","title":{"rendered":"CPB Maximo Ab\u00e1solo"},"content":{"rendered":"<p>&nbsp;<\/p>\n<p><img loading=\"lazy\" decoding=\"async\" class=\"wp-image-33704 alignleft\" src=\"https:\/\/www.comodoro.gov.ar\/desarrollohumano\/wp-content\/uploads\/2024\/04\/CPB-Avatar05-ABASOLO.png\" alt=\"\" width=\"187\" height=\"187\" srcset=\"https:\/\/www.comodoro.gov.ar\/desarrollohumano\/wp-content\/uploads\/2024\/04\/CPB-Avatar05-ABASOLO.png 320w, https:\/\/www.comodoro.gov.ar\/desarrollohumano\/wp-content\/uploads\/2024\/04\/CPB-Avatar05-ABASOLO-300x300.png 300w, https:\/\/www.comodoro.gov.ar\/desarrollohumano\/wp-content\/uploads\/2024\/04\/CPB-Avatar05-ABASOLO-150x150.png 150w\" sizes=\"auto, (max-width: 187px) 100vw, 187px\" \/><span style=\"color: #000000;\"><strong>Responsable:<\/strong> Giovana Sandoval<\/span><br \/>\n<span style=\"color: #000000;\"><strong>Direcci\u00f3n: <\/strong>Alfredo Adjuar 3500<\/span><br \/>\n<span style=\"color: #000000;\"><strong>Tel\u00e9fono:<\/strong> 0297-4441804<\/span><br \/>\n<span style=\"color: #000000;\"><strong>email: <a href=\"mailto:cpbmaxabasolo@hotmail.com.ar\" target=\"_blank\" rel=\"noopener\">cpbmaxabasolo@hotmail.com.ar <img loading=\"lazy\" decoding=\"async\" class=\"alignnone size-full wp-image-35906\" src=\"https:\/\/www.comodoro.gov.ar\/desarrollohumano\/wp-content\/uploads\/2014\/09\/puntero.png\" alt=\"\" width=\"26\" height=\"20\" \/><\/a><\/strong><\/span><br \/>\n<span style=\"color: #000000;\"><strong>Horario de atenci\u00f3n:<\/strong>\u00a0lunes a viernes de 08 a 20 hs<br \/>\n<strong>Aniversario:<\/strong> 4 de mayo<br \/>\n<a href=\"https:\/\/www.facebook.com\/cpb.maximoabasolo\" target=\"_blank\" rel=\"noopener\"><strong>Facebook <img loading=\"lazy\" decoding=\"async\" class=\"alignnone size-full wp-image-35906\" src=\"https:\/\/www.comodoro.gov.ar\/desarrollohumano\/wp-content\/uploads\/2014\/09\/puntero.png\" alt=\"\" width=\"26\" height=\"20\" \/><\/strong><\/a><br \/>\n<\/span><\/p>\n","protected":false},"excerpt":{"rendered":"<p>&nbsp; Responsable: Giovana Sandoval Direcci\u00f3n: Alfredo Adjuar 3500 Tel\u00e9fono: 0297-4441804 email: cpbmaxabasolo@hotmail.com.ar Horario de atenci\u00f3n:\u00a0lunes<\/p>\n","protected":false},"author":1,"featured_media":33779,"parent":0,"menu_order":0,"comment_status":"closed","ping_status":"closed","template":"","meta":{"footnotes":""},"class_list":["post-26126","page","type-page","status-publish","has-post-thumbnail","hentry"],"_links":{"self":[{"href":"https:\/\/www.comodoro.gov.ar\/desarrollohumano\/wp-json\/wp\/v2\/pages\/26126","targetHints":{"allow":["GET"]}}],"collection":[{"href":"https:\/\/www.comodoro.gov.ar\/desarrollohumano\/wp-json\/wp\/v2\/pages"}],"about":[{"href":"https:\/\/www.comodoro.gov.ar\/desarrollohumano\/wp-json\/wp\/v2\/types\/page"}],"author":[{"embeddable":true,"href":"https:\/\/www.comodoro.gov.ar\/desarrollohumano\/wp-json\/wp\/v2\/users\/1"}],"replies":[{"embeddable":true,"href":"https:\/\/www.comodoro.gov.ar\/desarrollohumano\/wp-json\/wp\/v2\/comments?post=26126"}],"version-history":[{"count":8,"href":"https:\/\/www.comodoro.gov.ar\/desarrollohumano\/wp-json\/wp\/v2\/pages\/26126\/revisions"}],"predecessor-version":[{"id":35994,"href":"https:\/\/www.comodoro.gov.ar\/desarrollohumano\/wp-json\/wp\/v2\/pages\/26126\/revisions\/35994"}],"wp:featuredmedia":[{"embeddable":true,"href":"https:\/\/www.comodoro.gov.ar\/desarrollohumano\/wp-json\/wp\/v2\/media\/33779"}],"wp:attachment":[{"href":"https:\/\/www.comodoro.gov.ar\/desarrollohumano\/wp-json\/wp\/v2\/media?parent=26126"}],"curies":[{"name":"wp","href":"https:\/\/api.w.org\/{rel}","templated":true}]}}